{"id":3897,"date":"2020-07-14T12:59:56","date_gmt":"2020-07-14T12:59:56","guid":{"rendered":"https:\/\/fredericmistral-tecniceulalia.cat\/elcolegio\/mobilitat\/"},"modified":"2021-02-17T14:24:39","modified_gmt":"2021-02-17T13:24:39","slug":"movilidad","status":"publish","type":"page","link":"https:\/\/fredericmistral-tecniceulalia.cat\/es\/el-colegio\/movilidad\/","title":{"rendered":"Movilidad"},"content":{"rendered":"\n\t<div id=\"cabecerainterior-block_5f0dac1fc127f\" class=\"cabecerainterior lazy\">\n\t\t<div class=\"cabint-image\">\n\t\t\t<img decoding=\"async\" src=\"https:\/\/fredericmistral-tecniceulalia.cat\/wp-content\/uploads\/2020\/09\/Escola_Mobilitat.jpg\" alt=\"\">\n\t\t<\/div>\n\t\t<div class=\"cabint-info\">\n\t\t\t<h1 class=\"cabint-info__titol\">\n\t\t\t\tMovilidad\t\t\t<\/h1>\n\t\t<\/div>\n\t<\/div>\n\n\t\n\n\n\t<div id=\"tornarenrera-block_5f3595901aaed\" class=\"back lazy\">\n\t\t<a href=\"\/es\/el-colegio\/\" class=\"goback\">\n\t\t\t<img decoding=\"async\" src=\"\/wp-content\/uploads\/2020\/08\/arrow_goback.png\" alt=\"Tornar enrere\" title=\"Tornar enrere\"\/>\n\t\t<\/a>\n\t<\/div>\n\n\t\n\n\t<div iid=\"textodestacado-block_5f0daaf2f8d2e\" class=\"text-destacat lazy\">\t\t<div class=\"grid-container\">\n\t\t\t<!-- Item -->\n        <div class=\"text-destacat__text\">\n\t\t\t\t\t<h2 class=\"titol_bloc\">\n\t\t\t\t\t\tVaig a escola! CARD: la tarjeta para ir solo\/a al colegio!\t\t\t\t\t<\/h2>\n\t\t\t\t\t<div class=\"text_bloc\">\n\t\t\t\t\t\t<p>La escuela Frederic Mistral- T\u00e8cnic Eul\u00e0lia ha creado el sistema <strong>Vaig a escola! CARD<\/strong> para potenciar la autonom\u00eda del alumnado y la movilidad sostenible a la hora de venir al colegio.<\/p>\n<p><img loading=\"lazy\" decoding=\"async\" class=\" wp-image-1244\" src=\"http:\/\/fredericmistral-tecniceulalia.cat\/wp-content\/uploads\/2020\/07\/ok_web_FMTE_mobilitat_1-300x188.jpg\" alt=\"Vaig a escola! CARD\" width=\"436\" height=\"273\" srcset=\"https:\/\/fredericmistral-tecniceulalia.cat\/wp-content\/uploads\/2020\/07\/ok_web_FMTE_mobilitat_1-300x188.jpg 300w, https:\/\/fredericmistral-tecniceulalia.cat\/wp-content\/uploads\/2020\/07\/ok_web_FMTE_mobilitat_1-1024x643.jpg 1024w, https:\/\/fredericmistral-tecniceulalia.cat\/wp-content\/uploads\/2020\/07\/ok_web_FMTE_mobilitat_1-768x482.jpg 768w, https:\/\/fredericmistral-tecniceulalia.cat\/wp-content\/uploads\/2020\/07\/ok_web_FMTE_mobilitat_1.jpg 1500w\" sizes=\"auto, (max-width: 436px) 100vw, 436px\" \/><\/p>\n\t\t\t\t\t<\/div>\n\t\t\t\t<\/div>\n\t\t\t<!-- .\/ Item -->\t\n\t\t<\/div>\n\t<\/div>\n\n\t\n\n\t<div id=\"text-block_5f0dab42f8d2f\" class=\"text-simple bg-ultra_clar lazy\">    <div class=\"grid-container\">\n      <!-- Item -->\n      <div class=\"text-simple__text\">\n        <h2 class=\"titol_bloc\">\n          \t\n        <\/h2>\n      \t<div class=\"text_bloc\">\n        \t<p>Se trata de una tarjeta nominal pensada para los alumnos y alumnas de 3\u00ba a 6\u00ba de Primaria. La tarjeta lleva un chip que, cuando se pasa por el lector situado en el interior del recinto educativo, genera autom\u00e1ticamente un correo electr\u00f3nico que se env\u00eda a las familias inform\u00e1ndolas de la llegada al colegio de sus hijos e hijas.<\/p>\n<p>Tambi\u00e9n pretende potenciar el transporte p\u00fablico en una zona de Barcelona donde se concentran la mayor parte de centros educativos.<\/p>\n      \t<\/div>\n     \t<\/div>\n      <!-- .\/ Item -->\n    <\/div>\n  <\/div>\n\n\t\n\n<div iid=\"accordion-block_5f0dab59f8d30\" class=\"accordion lazy\">\t<div class=\"grid-container\">\n\t\t\t\t\t\t\t  <div class=\"accordion__item\">\n\t\t    <button class=\"accordion__toggle\">\n\t\t\t\t\tTransporte escolar\t\t    <\/button>\n\t\t    <div class=\"accordion__body\">\n\t\t      <p>\n\t\t      \tEl servicio de transporte escolar recoge y deja a los alumnos lo m\u00e1s cerca posible de casa. Cada bus lleva una persona responsable. El servicio de bus escolar tiene 5 rutas de ma\u00f1ana y 7 rutas de tarde.<br><br>La escuela dispone de un servicio de lanzadera entre los edificios de Sarri\u00e1 y de Tibidabo (y viceversa). Lo ofrecemos para el alumnado de Educaci\u00f3n Infantil y Primaria que tienen hermanos\/as en cada centro y, en el caso de Primaria, para el alumnado que ha cursado Educaci\u00f3n Infantil en Sarri\u00e1. <br><br>Consultad las rutas de autocar <a href=\"\/es\/servicios\/transporte-escolar\/\">aqu\u00ed<\/a>. \t\t      <\/p>\n\t\t    <\/div>\n\t\t  <\/div>\n\t\t\t\t\t\t  <div class=\"accordion__item\">\n\t\t    <button class=\"accordion__toggle\">\n\t\t\t\t\tTransporte p\u00fablico\t\t    <\/button>\n\t\t    <div class=\"accordion__body\">\n\t\t      <p>\n\t\t      \tLas l\u00edneas de trasporte m\u00e1s cercanas son:<br><br><strong>Centro de Tibidabo<\/strong><br>L7 de los FGC (parada Av. Tibidabo)<br>L3 del metro (parada Penitents)<br>Las l\u00edneas H2, H4, V13, V15, V17, V19, 75, 124, 131 y 196 de autob\u00fas<br><br><strong>Centro de Sarri\u00e1<\/strong><br>L6 de los FGC (parada Sarri\u00e0)<br>L12 de los FGC (parada Reina Elisenda)<br>Las l\u00edneas H2, H4, V3, 75, 68 y 130 de autob\u00fas.\t\t      <\/p>\n\t\t    <\/div>\n\t\t  <\/div>\n\t\t\t\t\t\t  <div class=\"accordion__item\">\n\t\t    <button class=\"accordion__toggle\">\n\t\t\t\t\tAparcamiento\t\t    <\/button>\n\t\t    <div class=\"accordion__body\">\n\t\t      <p>\n\t\t      \tLa escuela Frederic Mistral-T\u00e8cnic Eul\u00e0lia (Tibidabo) dispone de una licencia de uso com\u00fan especial en la plaza Comte de Sert que permite que las familias del colegio puedan dejar el coche en la zona cerrada con pilonas mientras van a llevar o a recoger a sus hijos e hijas al colegio o cuando tienen visita con la tutor\u00eda.\t\t      <\/p>\n\t\t    <\/div>\n\t\t  <\/div>\n\t\t    <\/div>\n<\/div>\n\n   \t<div id=\"\" class=\"row bg-clar ambits lazy\">\n   \t\t<h2 class=\"entry-title\">\u00c1mbitos<\/h2>\n     \t<div class=\"col-md-2 offset-md-1 offset-xxl-2\">\n       \t<div class=\"ambits-txt\">\n          Descubre los<br><strong> 5 ejes singulares<\/strong> que nos definen       \t<\/div>\n     \t<\/div>\n     \t<div class=\"col-md-9 col-xxl-8\">\n        <ul class=\"ambits-links\">\n        \t<li class=\"ambits-link cultura_valors\"><a href=\"https:\/\/fredericmistral-tecniceulalia.cat\/es\/ambitos\/cultura-y-valores\/\">Cultura y valores<\/a><\/li>\n          <li class=\"ambits-link sostenibilitat\"><a href=\"https:\/\/fredericmistral-tecniceulalia.cat\/es\/ambitos\/sostenibilidad\/\">sostenibilidad<\/a><\/li>\n          <li class=\"ambits-link orientacio\"><a href=\"https:\/\/fredericmistral-tecniceulalia.cat\/es\/ambitos\/orientacion-personal-y-academica\/\">Orientaci\u00f3n personal<br>y acad\u00e9mica<\/a><\/li>\n          <li class=\"ambits-link innovacio\"><a href=\"https:\/\/fredericmistral-tecniceulalia.cat\/es\/ambitos\/innovacio\/\">Innovaci\u00f3n<\/a><\/li>\n          <li class=\"ambits-link plurilinguisme\"><a href=\"https:\/\/fredericmistral-tecniceulalia.cat\/es\/ambitos\/plurilinguismo\/\">Pluriling\u00fcismo<\/a><\/li>\n       \t<\/ul>\n     \t<\/div>\n   \t<\/div>\n\n\t","protected":false},"excerpt":{"rendered":"","protected":false},"author":3,"featured_media":0,"parent":3870,"menu_order":0,"comment_status":"closed","ping_status":"closed","template":"","meta":{"_acf_changed":false,"_uag_custom_page_level_css":"","_themeisle_gutenberg_block_has_review":false,"footnotes":""},"class_list":{"0":"post-3897","1":"page","2":"type-page","3":"status-publish","5":"infinite-scroll-item"},"acf":[],"uagb_featured_image_src":{"full":false,"thumbnail":false,"medium":false,"medium_large":false,"large":false,"custom-cuadrat":false,"modul1":false,"post":false,"1536x1536":false,"2048x2048":false},"uagb_author_info":{"display_name":"usuari-admin","author_link":"https:\/\/fredericmistral-tecniceulalia.cat\/es\/author\/usuari-admin\/"},"uagb_comment_info":0,"uagb_excerpt":null,"_links":{"self":[{"href":"https:\/\/fredericmistral-tecniceulalia.cat\/es\/wp-json\/wp\/v2\/pages\/3897","targetHints":{"allow":["GET"]}}],"collection":[{"href":"https:\/\/fredericmistral-tecniceulalia.cat\/es\/wp-json\/wp\/v2\/pages"}],"about":[{"href":"https:\/\/fredericmistral-tecniceulalia.cat\/es\/wp-json\/wp\/v2\/types\/page"}],"author":[{"embeddable":true,"href":"https:\/\/fredericmistral-tecniceulalia.cat\/es\/wp-json\/wp\/v2\/users\/3"}],"replies":[{"embeddable":true,"href":"https:\/\/fredericmistral-tecniceulalia.cat\/es\/wp-json\/wp\/v2\/comments?post=3897"}],"version-history":[{"count":6,"href":"https:\/\/fredericmistral-tecniceulalia.cat\/es\/wp-json\/wp\/v2\/pages\/3897\/revisions"}],"predecessor-version":[{"id":5307,"href":"https:\/\/fredericmistral-tecniceulalia.cat\/es\/wp-json\/wp\/v2\/pages\/3897\/revisions\/5307"}],"up":[{"embeddable":true,"href":"https:\/\/fredericmistral-tecniceulalia.cat\/es\/wp-json\/wp\/v2\/pages\/3870"}],"wp:attachment":[{"href":"https:\/\/fredericmistral-tecniceulalia.cat\/es\/wp-json\/wp\/v2\/media?parent=3897"}],"curies":[{"name":"wp","href":"https:\/\/api.w.org\/{rel}","templated":true}]}}

<div id="cabecerainterior-block_5f0dac1fc127f" class="cabecerainterior lazy">
		<div class="cabint-image">
			<img decoding="async" src="https://fredericmistral-tecniceulalia.cat/wp-content/uploads/2020/09/Escola_Mobilitat.jpg" alt="">
		</div>
		<div class="cabint-info">
			<h1 class="cabint-info__titol">
				Movilidad			</h1>
		</div>
	</div>

	


	<div id="tornarenrera-block_5f3595901aaed" class="back lazy">
		<a href="/es/el-colegio/" class="goback">
			<img decoding="async" src="/wp-content/uploads/2020/08/arrow_goback.png" alt="Tornar enrere" title="Tornar enrere"/>
		</a>
	</div>

	

	<div iid="textodestacado-block_5f0daaf2f8d2e" class="text-destacat lazy">		<div class="grid-container">
			<!-- Item -->
        <div class="text-destacat__text">
					<h2 class="titol_bloc">
						Vaig a escola! CARD: la tarjeta para ir solo/a al colegio!					</h2>
					<div class="text_bloc">
						<p>La escuela Frederic Mistral- Tècnic Eulàlia ha creado el sistema <strong>Vaig a escola! CARD</strong> para potenciar la autonomía del alumnado y la movilidad sostenible a la hora de venir al colegio.</p>
<p><img loading="lazy" decoding="async" class=" wp-image-1244" src="http://fredericmistral-tecniceulalia.cat/wp-content/uploads/2020/07/ok_web_FMTE_mobilitat_1-300x188.jpg" alt="Vaig a escola! CARD" width="436" height="273" srcset="https://fredericmistral-tecniceulalia.cat/wp-content/uploads/2020/07/ok_web_FMTE_mobilitat_1-300x188.jpg 300w, https://fredericmistral-tecniceulalia.cat/wp-content/uploads/2020/07/ok_web_FMTE_mobilitat_1-1024x643.jpg 1024w, https://fredericmistral-tecniceulalia.cat/wp-content/uploads/2020/07/ok_web_FMTE_mobilitat_1-768x482.jpg 768w, https://fredericmistral-tecniceulalia.cat/wp-content/uploads/2020/07/ok_web_FMTE_mobilitat_1.jpg 1500w" sizes="auto, (max-width: 436px) 100vw, 436px" /></p>
					</div>
				</div>
			<!-- ./ Item -->	
		</div>
	</div>

	

	<div id="text-block_5f0dab42f8d2f" class="text-simple bg-ultra_clar lazy">    <div class="grid-container">
      <!-- Item -->
      <div class="text-simple__text">
        <h2 class="titol_bloc">
          	
        </h2>
      	<div class="text_bloc">
        	<p>Se trata de una tarjeta nominal pensada para los alumnos y alumnas de 3º a 6º de Primaria. La tarjeta lleva un chip que, cuando se pasa por el lector situado en el interior del recinto educativo, genera automáticamente un correo electrónico que se envía a las familias informándolas de la llegada al colegio de sus hijos e hijas.</p>
<p>También pretende potenciar el transporte público en una zona de Barcelona donde se concentran la mayor parte de centros educativos.</p>
      	</div>
     	</div>
      <!-- ./ Item -->
    </div>
  </div>

	

<div iid="accordion-block_5f0dab59f8d30" class="accordion lazy">	<div class="grid-container">
							  <div class="accordion__item">
		    <button class="accordion__toggle">
					Transporte escolar		    </button>
		    <div class="accordion__body">
		      <p>
		      	El servicio de transporte escolar recoge y deja a los alumnos lo más cerca posible de casa. Cada bus lleva una persona responsable. El servicio de bus escolar tiene 5 rutas de mañana y 7 rutas de tarde.<br><br>La escuela dispone de un servicio de lanzadera entre los edificios de Sarriá y de Tibidabo (y viceversa). Lo ofrecemos para el alumnado de Educación Infantil y Primaria que tienen hermanos/as en cada centro y, en el caso de Primaria, para el alumnado que ha cursado Educación Infantil en Sarriá. <br><br>Consultad las rutas de autocar <a href="/es/servicios/transporte-escolar/">aquí</a>. 		      </p>
		    </div>
		  </div>
						  <div class="accordion__item">
		    <button class="accordion__toggle">
					Transporte público		    </button>
		    <div class="accordion__body">
		      <p>
		      	Las líneas de trasporte más cercanas son:<br><br><strong>Centro de Tibidabo</strong><br>L7 de los FGC (parada Av. Tibidabo)<br>L3 del metro (parada Penitents)<br>Las líneas H2, H4, V13, V15, V17, V19, 75, 124, 131 y 196 de autobús<br><br><strong>Centro de Sarriá</strong><br>L6 de los FGC (parada Sarrià)<br>L12 de los FGC (parada Reina Elisenda)<br>Las líneas H2, H4, V3, 75, 68 y 130 de autobús.		      </p>
		    </div>
		  </div>
						  <div class="accordion__item">
		    <button class="accordion__toggle">
					Aparcamiento		    </button>
		    <div class="accordion__body">
		      <p>
		      	La escuela Frederic Mistral-Tècnic Eulàlia (Tibidabo) dispone de una licencia de uso común especial en la plaza Comte de Sert que permite que las familias del colegio puedan dejar el coche en la zona cerrada con pilonas mientras van a llevar o a recoger a sus hijos e hijas al colegio o cuando tienen visita con la tutoría.		      </p>
		    </div>
		  </div>
		    </div>
</div>

   	<div id="" class="row bg-clar ambits lazy">
   		<h2 class="entry-title">Ámbitos</h2>
     	<div class="col-md-2 offset-md-1 offset-xxl-2">
       	<div class="ambits-txt">
          Descubre los<br><strong> 5 ejes singulares</strong> que nos definen       	</div>
     	</div>
     	<div class="col-md-9 col-xxl-8">
        <ul class="ambits-links">
        	<li class="ambits-link cultura_valors"><a href="https://fredericmistral-tecniceulalia.cat/es/ambitos/cultura-y-valores/">Cultura y valores</a></li>
          <li class="ambits-link sostenibilitat"><a href="https://fredericmistral-tecniceulalia.cat/es/ambitos/sostenibilidad/">sostenibilidad</a></li>
          <li class="ambits-link orientacio"><a href="https://fredericmistral-tecniceulalia.cat/es/ambitos/orientacion-personal-y-academica/">Orientación personal<br>y académica</a></li>
          <li class="ambits-link innovacio"><a href="https://fredericmistral-tecniceulalia.cat/es/ambitos/innovacio/">Innovación</a></li>
          <li class="ambits-link plurilinguisme"><a href="https://fredericmistral-tecniceulalia.cat/es/ambitos/plurilinguismo/">Plurilingüismo</a></li>
       	</ul>
     	</div>
   	</div>
